{"id":14,"date":"2020-04-24T06:54:53","date_gmt":"2020-04-24T06:54:53","guid":{"rendered":"https:\/\/azraveteriner.com\/?page_id=14"},"modified":"2021-01-13T12:56:44","modified_gmt":"2021-01-13T12:56:44","slug":"ana-sayfa","status":"publish","type":"page","link":"https:\/\/azraveteriner.com\/","title":{"rendered":"Klini\u011fimiz"},"content":{"rendered":"\r\n<p>Klini\u011fimiz, Mecidiyek\u00f6y G\u00fclba\u011fda Veteriner Hekimimiz Azra S\u0130PAH\u0130O\u011eLU ve yard\u0131mc\u0131lar\u0131yla birlikte, sizlere en iyi hizmeti sunmak i\u00e7in daima haz\u0131rd\u0131r.<\/p>\r\n","protected":false},"excerpt":{"rendered":"<p>Klini\u011fimiz, Mecidiyek\u00f6y G\u00fclba\u011fda Veteriner Hekimimiz Azra S\u0130PAH\u0130O\u011eLU ve yard\u0131mc\u0131lar\u0131yla birlikte, sizlere en iyi hizmeti sunmak i\u00e7in daima haz\u0131rd\u0131r.<\/p>\n","protected":false},"author":1,"featured_media":0,"parent":0,"menu_order":0,"comment_status":"closed","ping_status":"closed","template":"","meta":{"footnotes":""},"class_list":["post-14","page","type-page","status-publish","hentry"],"_links":{"self":[{"href":"https:\/\/azraveteriner.com\/index.php?rest_route=\/wp\/v2\/pages\/14","targetHints":{"allow":["GET"]}}],"collection":[{"href":"https:\/\/azraveteriner.com\/index.php?rest_route=\/wp\/v2\/pages"}],"about":[{"href":"https:\/\/azraveteriner.com\/index.php?rest_route=\/wp\/v2\/types\/page"}],"author":[{"embeddable":true,"href":"https:\/\/azraveteriner.com\/index.php?rest_route=\/wp\/v2\/users\/1"}],"replies":[{"embeddable":true,"href":"https:\/\/azraveteriner.com\/index.php?rest_route=%2Fwp%2Fv2%2Fcomments&post=14"}],"version-history":[{"count":7,"href":"https:\/\/azraveteriner.com\/index.php?rest_route=\/wp\/v2\/pages\/14\/revisions"}],"predecessor-version":[{"id":80,"href":"https:\/\/azraveteriner.com\/index.php?rest_route=\/wp\/v2\/pages\/14\/revisions\/80"}],"wp:attachment":[{"href":"https:\/\/azraveteriner.com\/index.php?rest_route=%2Fwp%2Fv2%2Fmedia&parent=14"}],"curies":[{"name":"wp","href":"https:\/\/api.w.org\/{rel}","templated":true}]}}